, what is -103303 - -10131?
-33112
In base 2, what is -10101000001000111 - 1111?
-10101000001010110
In base 13, what is 1a9101 + 4?
1a9105
In base 6, what is 510235 - 5?
510230
In base 8, what is -1556 - -73?
-1463
In base 2, what is -100100010101 - -110?
-100100001111
In base 3, what is 11 + -1112000?
-1111212
In base 5, what is 140 - 221311?
-221121
In base 14, what is 6 - 1a590?
-1a588
In base 5, what is -4 + 3203134?
3203130
In base 5, what is 140 - 30430?
-30240
In base 11, what is -134 - 5?
-139
In base 10, what is 1210 + -41?
1169
In base 7, what is 314 - 264?
20
In base 9, what is 1 + 64723?
64724
In base 15, what is -5d + -84c3?
-8531
In base 5, what is -340030 + 12?
-340013
In base 2, what is 101001101101000 - 0?
101001101101000
In base 2, what is 111000 + -110010000110?
-110001001110
In base 11, what is 187 + -294?
-108
In base 14, what is 203 + -944?
-741
In base 10, what is -89975 + -2?
-89977
In base 3, what is 1 + -10022200222?
-10022200221
In base 16, what is e2b7 - -8?
e2bf
In base 16, what is -345 + 48?
-2fd
In base 11, what is 1441 - 102?
133a
In base 5, what is 4342 + 20?
4412
In base 9, what is 606 + 633?
1340
In base 9, what is -3 + 13886?
13883
In base 6, what is 20 - 4343042?
-4343022
In base 11, what is 1 - -8904?
8905
In base 10, what is -2524758 + -1?
-2524759
In base 5, what is 0 - 30112034?
-30112034
In base 11, what is 4346 - -25?
4370
In base 14, what is -b687 - 0?
-b687
In base 10, what is -18381 - 2?
-18383
In base 11, what is 34 + 2117?
2150
In base 12, what is -253601 - 4?
-253605
In base 7, what is 45 - 2315?
-2240
In base 14, what is 2 + 2a29?
2a2b
In base 3, what is -22221022 + 100?
-22220222
In base 16, what is -1 + -21d8?
-21d9
In base 10, what is -21089 - -42?
-21047
In base 5, what is -11121313 + -1?
-11121314
In base 13, what is 5 + -11c7?
-11c2
In base 6, what is 24342415 + 4?
24342423
In base 13, what is -1 - 33662?
-33663
In base 7, what is 11453 + 11?
11464
In base 12, what is 1 - -32940?
32941
In base 10, what is -6 - 15587?
-15593
In base 8, what is 26112 + 110?
26222
In base 16, what is -166776 - 1?
-166777
In base 6, what is -1141 + -422?
-2003
In base 6, what is -10212551 - -2?
-10212545
In base 13, what is -44b + 436?
-15
In base 6, what is 552230 + -113?
552113
In base 6, what is -13 + -11354131?
-11354144
In base 12, what is 0 + -165404?
-165404
In base 7, what is 3 - -20045?
20051
In base 8, what is -212237 + 1?
-212236
In base 13, what is -382b3 - 19?
-382cc
In base 6, what is 5 + -215421?
-215412
In base 5, what is 13 - -10201134?
10201202
In base 16, what is 1f6437 - 2?
1f6435
In base 4, what is 1 + -2322120?
-2322113
In base 2, what is -1111 - 11011?
-101010
In base 9, what is -5 - 107775?
-107781
In base 2, what is -10 - 111001011110111?
-111001011111001
In base 14, what is 2 + -2b6c3?
-2b6c1
In base 10, what is 416 + 1058?
1474
In base 7, what is 26 - 114063?
-114034
In base 16, what is -4763 - -12?
-4751
In base 8, what is -413 - -1272?
657
In base 13, what is 309 - -1c1?
4ca
In base 2, what is 1111111001011100 - -1110?
1111111001101010
In base 3, what is 10 + -101121011?
-101121001
In base 10, what is -355370 + 3?
-355367
In base 4, what is -30023003 - -11?
-30022332
In base 11, what is -4 + -342490?
-342494
In base 8, what is 11 + 75334?
75345
In base 7, what is -113123 + -10?
-113133
In base 12, what is 509 + 8a4?
11b1
In base 12, what is 665 + -a?
657
In base 12, what is 92 - 57?
37
In base 13, what is 3 - 1b661?
-1b65b
In base 6, what is -3334024 - -1?
-3334023
In base 16, what is -6 + d98?
d92
In base 8, what is 216544 - -3?
216547
In base 14, what is 47b95 + -1?
47b94
In base 2, what is -101010111 + 1001010010010?
1000100111011
In base 11, what is -19 + -6300?
-6319
In base 12, what is -26 - 1733?
-1759
In base 5, what is 30120 - -1201?
31321
In base 15, what is a8 - -94?
14c
In base 12, what is -16 + -1820?
-1836
In base 3, what is -1211201020 - -12?
-1211201001
In base 2, what is -101 + 1011001010101?
1011001010000
In base 14, what is -230 + 6?
-228
In base 3, what is 122122022020 - 100?
122122021220
In base 5, what is -31331 - 3?
-31334
In base 11, what is 31a8 + 14?
3211
In base 7, what is 3661 + -146?
3512
In base 14, what is 174 + 450?
5c4
In base 5, what is -3002 - 4131?
-12133
In base 12, what is -5 + 1491?
1488
In base 15, what is -165 + 43?
-122
In base 15, what is -5 + -508?
-50d
In base 7, what is 5001 - -415?
5416
In base 6, what is -43221 + 3?
-43214
In base 4, what is -21032 - -222201?
201103
In base 7, what is 43 + 6256?
6332
In base 11, what is 4132 + -4aa?
3733
In base 10, what is 71278 - 3?
71275
In base 10, what is -802 - -247?
-555
In base 10, what is 27 + 1011?
1038
In base 13, what is 9 - 4460?
-4454
In base 11, what is -6aa2 + 4?
-6a99
In base 8, what is 5 - 704602?
-704575
In base 15, what is -1a567 + 1?
-1a566
In base 8, what is -63 - -2160?
2075
In base 3, what is 101220002 - -11120?
102001122
In base 14, what is 4b81 + -16?
4b69
In base 14, what is -18 - -1683?
1669
In base 16, what is bf63 - -4?
bf67
In base 8, what is 7034 + -110?
6724
In base 11, what is 172075 - -2?
172077
In base 13, what is -595 - -3a?
-558
In base 9, what is -4174 + 1671?
-2403
In base 6, what is -2433540 + -25?
-2434005
In base 8, what is 116603 - 1?
116602
In base 13, what is -5 - 952?
-957
In base 10, what is -2763 - 837?
-3600
In base 11, what is -4 - -40a731?
40a728
In base 11, what is -4 - a075?
-a079
In base 6, what is -400 - 200100?
-200500
In base 5, what is -1304403 + -4?
-1304412
In base 16, what is -cb + -89?
-154
In base 14, what is -3 - -135?
132
In base 6, what is 5540 + 243?
10223
In base 14, what is 78 - 7a1?
-727
In base 15, what is 6283e + -1?
6283d
In base 6, what is -4 - -2130214?
2130210
In base 15, what is -c8b + 47?
-c44
In base 11, what is -73 - 2673?
-2736
In base 6, what is 5431 - -140?
10011
In base 5, what is -144330101 + -1?
-144330102
In base 9, what is 350084 + 2?
350086
In base 2, what is -10100000110011 - -1000?
-10100000101011
In base 7, what is 4 - -3655506?
3655513
In base 9, what is -102612 + 8?
-102603
In base 7, what is -66 - 15122?
-15221
In base 11, what is 4 - 920?
-917
In base 5, what is 12 + -40210?
-40143
In base 16, what is 2fd - -57?
354
In base 10, what is 6 - 29339?
-29333
In base 5, what is -33310 - 2?
-33312
In base 11, what is 5 + -4047?
-4042
In base 10, what is 28 + 13621?
13649
In base 3, what is -121200 - 22001?
-220201
In base 13, what is -50c1 + 8?
-50b6
In base 12, what is -127a60 + 5?
-127a57
In base 7, what is 2564252 - 11?
2564241
In base 9, what is 28 + -364?
-335
In base 2, what is 111100011010001100 - 0?
111100011010001100
In base 5, what is 1014 - 204134?
-203120
In base 12, what is -339a + 13?
-3387
In base 7, what is -32106 - -53?
-32023
In base 9, what is -16 + 7527?
7511
In base 13, what is 268a0c + 3?
268a12
In base 5, what is -134 - 101340?
-102024
In base 8, what is -26040 + -61?
-26121
In base 9, what is -2 + 23847?
23845
In base 7, what is -11 + 10261?
10250
In base 14, what is 1cc902 + 3?
1cc905
In base 6, what is 1125 - -15540?
21105
In base 12, what is -4bb20 + -1a?
-4bb3a
In base 3, what is -10 + -121022?
-121102
In base 11, what is 3964 + 283?
4137
In base 6, what is -105411 - 25?
-105440
In base 4, what is -11332 + -3123?
-21121
In base 5, what is -221214 + -23?
-221242
In base 4, what is 103330 - 1211221?
-1101231
In base 2, what is -100 - 10011010010101?
-10011010011001
In base 6, what is -520404 - -25?
-520335
In base 16, what is -241b1 + 0?
-241b1
In base 6, what is -3 + -502343?
-502350
In base 14, what is bb9a + -3?
bb97
In base 3, what is -20020111101 + 12?
-20020111012
In base 5, what is 11123400 + -3?
11123342
In base 13, what is -1278 + b?
-126a
In base 5, what is 41222123 - 3?
41222120
In base 13, what is 49a - 1cc?
29b
In base 11, what is -4 - -18687?
18683
In base 15, what is 6e + 260?
2ce
In base 7, what is -5 + 1460263?
1460255
In base 7, what is 10611 + -23?
10555
In base 7, what is -250 + -1556?
-2136
In base 12, what is -8 + -38511?
-38519
In base 12, what is 161209 - 1?
161208
In base 12, what is -1153 - 18b?
-1322
In base 2, what is 110011101110 - 10100010?
110001001100
In base 13, what is 7a626 + -3?
7a623
In base 2, what is -1 + -10011011101?
-10011011110
In base 16,